9501 a composite number?
False
Is 22471027 a composite number?
True
Is 242617637 composite?
False
Is 24689561 composite?
True
Is 324259571 composite?
False
Is 163934653 prime?
False
Is 500683195 composite?
True
Is 18965599 a composite number?
False
Is 3070969 prime?
False
Is 4064293 prime?
False
Is 214880449 composite?
True
Is 23256959 a composite number?
True
Is 50032063 a prime number?
False
Is 878459 a prime number?
False
Is 1976477 a composite number?
False
Is 115585 composite?
True
Is 1632485 a composite number?
True
Is 41820473 composite?
True
Is 243898867 prime?
True
Is 4221449 a composite number?
False
Is 32613533 composite?
False
Is 1418297 a prime number?
True
Is 21634527 composite?
True
Is 330237881 composite?
False
Is 9245631 a composite number?
True
Is 14495903 composite?
False
Is 188777 prime?
False
Is 1979736101 a prime number?
False
Is 3691087 a composite number?
False
Is 1292743 a composite number?
True
Is 12548659 a prime number?
True
Is 235226521 prime?
True
Is 12606383 a composite number?
False
Is 30071287 composite?
False
Is 1021673 composite?
False
Is 2601979 a composite number?
False
Is 49256807 a composite number?
True
Is 302015929 a composite number?
False
Is 2796809 a composite number?
True
Is 4330441 a prime number?
False
Is 3603989 prime?
True
Is 7802731 composite?
True
Is 271737797 prime?
True
Is 194458433 prime?
False
Is 820719737 a prime number?
False
Is 8704477 a composite number?
True
Is 456557041 a prime number?
False
Is 819236711 composite?
False
Is 3362959 a composite number?
False
Is 447961 prime?
True
Is 16829999 a prime number?
True
Is 360670001 a composite number?
False
Is 29900267 a prime number?
True
Is 1932467 prime?
True
Is 106027618 prime?
False
Is 2730551 prime?
False
Is 565071209 a composite number?
False
Is 28749017 a prime number?
False
Is 3573727 a prime number?
True
Is 2008731 a prime number?
False
Is 137498 prime?
False
Is 1454239 composite?
False
Is 1715099 a prime number?
True
Is 52520903 composite?
False
Is 67395173 prime?
True
Is 2645243 a prime number?
False
Is 6456279 a prime number?
False
Is 12045497 composite?
False
Is 425959 prime?
True
Is 33870229 composite?
False
Is 466861 a composite number?
True
Is 38868853 prime?
True
Is 3231911 a composite number?
True
Is 850847 prime?
False
Is 6493933 composite?
False
Is 14362199 a composite number?
False
Is 10822607 a prime number?
False
Is 3358889 prime?
True
Is 86788353 a composite number?
True
Is 1454927 a composite number?
False
Is 4945537 composite?
False
Is 1810923 a prime number?
False
Is 497474089 a composite number?
True
Is 301341 a composite number?
True
Is 777215 composite?
True
Is 102660427 a prime number?
True
Is 24805883 prime?
False
Is 14942059 prime?
False
Is 25411049 a composite number?
True
Is 139746973 composite?
True
Is 183247 composite?
False
Is 5716157 a composite number?
False
Is 51493501 composite?
True
Is 5761247 a composite number?
True
Is 3524029 composite?
False
Is 220919 composite?
False
Is 7570643 prime?
False
Is 4609951 composite?
True
Is 68832347 composite?
False
Is 12023809 a composite number?
True
Is 58593217 a prime number?
True
Is 10742599 a composite number?
True
Is 8652629 prime?
True
Is 231533689 a prime number?
False
Is 14222389 composite?
True
Is 116623763 a composite number?
False
Is 66707129 prime?
False
Is 16756409 a composite number?
False
Is 25655906 composite?
True
Is 1189187 a prime number?
False
Is 394123 a composite number?
False
Is 4302409 a composite number?
False
Is 60758959 a prime number?
False
Is 613667959 prime?
True
Is 71278762 a composite number?
True
Is 19868183 a composite number?
True
Is 3200177 prime?
True
Is 32454263 a prime number?
True
Is 362891077 a prime number?
False
Is 239159123 a prime number?
False
Is 2231561 a prime number?
False
Is 16601489 a composite number?
True
Is 12113417 composite?
False
Is 9955641 a composite number?
True
Is 22511651 a composite number?
True
Is 3156019 composite?
False
Is 75813613 composite?
False
Is 22953221 a composite number?
False
Is 4539877 composite?
False
Is 147068783 prime?
False
Is 52810097 prime?
True
Is 8639333 a prime number?
False
Is 3828367 a composite number?
True
Is 5174803 prime?
True
Is 5787655 a composite number?
True
Is 544123 composite?
False
Is 63687977 a composite number?
True
Is 325879 composite?
True
Is 717053 prime?
False
Is 13090261 a composite number?
False
Is 30367 composite?
False
Is 2662651 composite?
False
Is 5358854 a prime number?
False
Is 32115197 prime?
False
Is 556770967 a composite number?
False
Is 5632043 prime?
True
Is 156418949 composite?
True
Is 4914937 a prime number?
True
Is 164104069 a prime number?
False
Is 168284351 a composite number?
False
Is 149232961 a prime number?
False
Is 3274151 a composite number?
False
Is 157972597 composite?
True
Is 32379869 a prime number?
True
Is 17053039 composite?
False
Is 11113 a composite number?
False
Is 2792957 prime?
True
Is 95763337 a prime number?
True
Is 207731 a composite number?
True
Is 288188969 a composite number?
True
Is 116924683 a composite number?
True
Is 37849229 a composite number?
True
Is 84576179 prime?
True
Is 25320923 prime?
True
Is 488773121 prime?
True
Is 3524309 a composite number?
False
Is 83220889 a prime number?
True
Is 9981991 a prime number?
False
Is 621645581 a prime number?
True
Is 53476187 a composite number?
False
Is 19239341 composite?
True
Is 305382589 a prime number?
True
Is 11534791 prime?
True
Is 705389 a prime number?
True
Is 1450613 composite?
False
Is 769037 a prime number?
False
Is 22272919 a prime number?
False
Is 188191 prime?
False
Is 29107879 composite?
True
Is 4701779 a prime number?
False
Is 105314959 composite?
True
Is 85211097 composite?
True
Is 197329589 composite?
True
Is 3129809 composite?
True
Is 112265573 prime?
False
Is 515156567 a composite number?
True
Is 112940543 a composite number?
False
Is 14283701 prime?
True
Is 309550343 prime?
True
Is 2713867 composite?
True
Is 231467 a prime number?
False
Is 20622127 a prime number?
False
Is 4195679 composite?
False
Is 35213323 composite?
True
Is 15023 a composite number?
True
Is 658337 prime?
False
Is 1582597 a composite number?
False
Is 281785697 prime?
False
Is 1029891567 composite?
True
Is 2715779 prime?
False
Is 4211083 composite?
False
Is 5263607 a composite number?
False
Is 18005093 composite?
True
Is 329097239 prime?
False
Is 2237743 composite?
False
Is 244824337 composite?
True
Is 3248879 prime?
True
Is 209469607 prime?
True
Is 62787415 a prime number?
False
Is 10901359 a prime number?
False
Is 151634891 a composite number?
True
Is 9919901 a composite number?
True
Is 527196713 a prime number?
False
Is 809291 composite?
True
Is 85517857 prime?
True
Is 33422009 prime?
False
Is 34757579 prime?
True
Is 15592693 a prime number?
True
Is 235723 composite?
False
Is 26823809 composite?
False
Is 8402434 prime?
False
Is 34019033 a prime number?
True
Is 4065727 prime?
True
Is 30531893 prime?
False
Is 71918453 a composite number?
False
Is 170499038 prime?
False
Is 31380893 a prime number?
True
Is 18037553 a composite number?
True
Is 3623819 composite?
True
Is 1011097 prime?
False
Is 63877687 composite?
True
Is 11403883 a composite number?
True
Is 725927 composite?
True
Is 19777991 a prime number?
True
Is 46715159 composite?
True
Is 40443239 a composite number?
True
Is 501421243 composite?
False
Is 121763 a composite number?
False
Is 296252117 composite?
True
Is 9045637 prime?
True
Is 419683 composite?
True
Is 65881369 a prime number?
True
Is 231282083 prime?
True
Is 1380143 a prime number?
False
Is 44545042 a composite number?
True
Is 59813431 a composite number?
True
Is 10658953 composite?
False
Is 10376827 a prime number?
True
Is 10429438 composite?
True
Is 42677519 a prime number?
True
Is 25536947 composite?
False
Is 453623887 a composite number?
True
Is 2612647 a composite number?
False
Is 50750963 composite?
True
Is 7106699 a composite number?
True
Is 1104937 prime?
True
Is 287537 prime?
True
Is 1201292813 a prime number?
False
Is 7439017 a composite number?
True
Is 22519765 a composite number?
True
Is 642052777 prime?
True
Is 8244611 a prime number?
True
Is 88704949 a composite number?
True
Is 3882523 a composite number?
False
Is 530941 a composite number?
True
I